of 1122575?
False
Is 32 a factor of 340762?
False
Does 613 divide 51492?
True
Is 12 a factor of 394632?
True
Is 508 a factor of 22134?
False
Is 24 a factor of 288024?
True
Is 79534 a multiple of 91?
True
Is 1092920 a multiple of 1780?
True
Does 2 divide 674234?
True
Is 1718840 a multiple of 25?
False
Is 83884 a multiple of 4?
True
Is 24 a factor of 1265602?
False
Does 7 divide 448261?
False
Is 21 a factor of 2376458?
False
Is 45484 a multiple of 166?
True
Is 29 a factor of 19372664?
False
Is 1841084 a multiple of 449?
False
Is 69705 a multiple of 2?
False
Is 1315520 a multiple of 40?
True
Is 38 a factor of 11936489?
False
Is 10 a factor of 8379830?
True
Is 9530442 a multiple of 18?
True
Is 427975 a multiple of 140?
False
Is 7066 a multiple of 10?
False
Is 21 a factor of 286272?
True
Is 1225263 a multiple of 89?
True
Does 353 divide 3033690?
False
Is 2670652 a multiple of 15?
False
Does 42 divide 2577092?
False
Is 11277854 a multiple of 10?
False
Does 258 divide 131893?
False
Is 57620 a multiple of 4?
True
Does 679 divide 10811049?
False
Does 144 divide 378576?
True
Does 141 divide 6193767?
False
Does 6 divide 9424834?
False
Does 19 divide 3329620?
False
Is 67 a factor of 8038783?
False
Is 224100 a multiple of 108?
True
Is 398 a factor of 2974805?
False
Does 17 divide 2049339?
False
Does 555 divide 4745743?
False
Is 1137 a factor of 2603730?
True
Is 919732 a multiple of 4?
True
Is 79 a factor of 3265228?
True
Is 81937 a multiple of 103?
False
Is 44 a factor of 71221?
False
Does 61 divide 285641?
False
Is 4380 a multiple of 4?
True
Is 3768 a multiple of 403?
False
Is 247 a factor of 288743?
True
Is 8 a factor of 88880?
True
Does 25 divide 1584850?
True
Is 38 a factor of 216296?
True
Is 962545 a multiple of 5?
True
Is 68396 a multiple of 33?
False
Does 58 divide 105734?
True
Does 23 divide 1053219?
False
Does 36 divide 716076?
True
Is 273518 a multiple of 6?
False
Is 1027461 a multiple of 38?
False
Is 20 a factor of 600423?
False
Does 7 divide 99101?
False
Does 153 divide 1882679?
False
Does 16 divide 274022?
False
Does 243 divide 2731090?
False
Is 276695 a multiple of 23?
False
Is 788039 a multiple of 341?
False
Is 1774410 a multiple of 33?
True
Does 320 divide 1837760?
True
Is 32313 even?
False
Is 360 a factor of 105840?
True
Is 4 a factor of 18114?
False
Is 782923 a multiple of 241?
False
Is 194722 a multiple of 167?
True
Is 665254 a multiple of 139?
True
Is 8 a factor of 313315?
False
Is 35612 a multiple of 13?
False
Is 245 a factor of 1225?
True
Is 60 a factor of 4349400?
True
Is 89220 a multiple of 5?
True
Is 107253 a multiple of 3?
True
Does 289 divide 1648245?
False
Is 151 a factor of 13809105?
False
Is 182590 a multiple of 95?
True
Is 32 a factor of 165924?
False
Is 51653 a multiple of 329?
True
Does 28 divide 13272?
True
Does 47 divide 1004437?
True
Does 35 divide 7370068?
False
Does 23 divide 20624?
False
Is 85 a factor of 5926831?
False
Is 13017056 a multiple of 1508?
True
Is 26 a factor of 3678376?
True
Is 23 a factor of 3950052?
False
Is 174834 a multiple of 6?
True
Is 333360 a multiple of 12?
True
Does 269 divide 83408?
False
Is 1667732 a multiple of 85?
False
Does 525 divide 349103?
False
Is 4 a factor of 10728?
True
Is 11475497 a multiple of 198?
False
Is 441 a factor of 6567372?
True
Is 1258335 a multiple of 117?
True
Is 26 a factor of 149214?
True
Is 75596 a multiple of 105?
False
Does 281 divide 872786?
True
Is 765066 a multiple of 185?
False
Does 821 divide 649411?
True
Does 24 divide 886625?
False
Is 8 a factor of 79793?
False
Is 2474326 a multiple of 1202?
False
Is 3094454 a multiple of 22?
True
Is 26 a factor of 5777512?
True
Is 9186520 a multiple of 8?
True
Is 3004209 a multiple of 117?
True
Is 1885786 a multiple of 85?
False
Does 286 divide 3594162?
True
Is 30 a factor of 39660?
True
Is 15 a factor of 43281?
False
Is 9585910 a multiple of 59?
False
Does 22 divide 90743?
False
Does 12 divide 113558?
False
Does 48 divide 34656?
True
Is 37 a factor of 2828613?
True
Does 22 divide 6196168?
True
Does 23 divide 1823328?
False
Does 860 divide 813657?
False
Is 12 a factor of 192568?
False
Is 210394 a multiple of 78?
False
Is 280811 a multiple of 467?
False
Is 184382 a multiple of 289?
True
Does 96 divide 82176?
True
Is 6843738 a multiple of 194?
True
Is 367 a factor of 1862352?
False
Is 20584728 a multiple of 24?
True
Does 3 divide 1386328?
False
Is 272996 a multiple of 491?
True
Does 121 divide 1154232?
False
Is 8275556 a multiple of 65?
False
Is 159735 a multiple of 291?
False
Does 17 divide 152558?
True
Does 86 divide 2745034?
True
Does 10 divide 9929?
False
Is 12975 a multiple of 15?
True
Is 930551 a multiple of 122?
False
Does 142 divide 4125928?
False
Is 23952453 a multiple of 483?
True
Is 641 a factor of 293483?
False
Does 11 divide 8146?
False
Does 908 divide 1720276?
False
Is 408146 a multiple of 239?
False
Is 511 a factor of 88552?
False
Is 844992 a multiple of 54?
True
Is 279 a factor of 233848?
False
Is 1889115 a multiple of 5?
True
Is 15444 a multiple of 4?
True
Does 6 divide 51445?
False
Is 130 a factor of 16270?
False
Does 3 divide 2566828?
False
Does 112 divide 1707552?
True
Is 50 a factor of 4430836?
False
Does 45 divide 6054623?
False
Is 16523 a multiple of 31?
True
Is 15522938 a multiple of 17?
True
Does 20 divide 143440?
True
Does 60 divide 75180?
True
Does 224 divide 612640?
True
Does 191 divide 559233?
False
Is 122517 a multiple of 15?
False
Is 11172 a multiple of 38?
True
Is 173940 a multiple of 663?
False
Is 11 a factor of 24464?
True
Is 84656 a multiple of 6?
False
Is 14832 a multiple of 16?
True
Is 258 a factor of 294678?
False
Is 162083 a multiple of 6?
False
Is 20654280 a multiple of 337?
False
Is 187600 a multiple of 70?
True
Is 94 a factor of 54332?
True
Does 33 divide 8994215?
False
Does 194 divide 7162674?
True
Is 459 a factor of 365113?
False
Is 13 a factor of 1355419?
True
Does 308 divide 9367204?
True
Is 36267 a multiple of 157?
True
Is 46 a factor of 40026440?
True
Does 695 divide 5938775?
True
Does 36 divide 8556013?
False
Does 34 divide 53924?
True
Is 20161 a multiple of 2?
False
Is 16 a factor of 145730?
False
Is 15 a factor of 108660?
True
Is 54708 a multiple of 35?
False
Is 247950 a multiple of 15?
True
Is 531080 a multiple of 44?
True
Is 1182112 a multiple of 164?
True
Is 184064 a multiple of 10?
False
Does 274 divide 5586586?
True
Is 19455 a multiple of 2?
False
Does 91 divide 18938389?
False
Does 690 divide 1005330?
True
Is 226 a factor of 461944?
True
Does 500 divide 309000?
True
Is 91 a factor of 1272415?
False
Is 66 a factor of 1696480?
False
Does 18 divide 198882?
True
Is 43 a factor of 3180581?
True
Does 171 divide 55062?
True
Does 3 divide 3760?
False
Does 38 divide 10473180?
True
Is 2811189 a multiple of 4?
False
Is 269 a factor of 117822?
True
Is 206505 a multiple of 195?
True
Is 41 a factor of 60859?
False
Is 131 a factor of 304837?
True
Does 15 divide 10200?
True
Is 521260 a multiple of 29?
False
Does 9 divide 1206?
True
Does 26 divide 7323818?
False
Is 4 a factor of 136752?
True
Does 83 divide 7418497?
False
Is 124 a factor of 33900?
False
Does 126 divide 488527?
False
Is 1939368 a multiple of 57?
True
Is 3868121 a multiple of 567?
False
Is 480350 a multiple of 26?
True
Is 498 a factor of 210089?
False
Does 12 divide 2390316?
True
Is 673 a factor of 4925687?
True
Is 3450888 a multiple of 252?
True
Does 88 divide 795344?
True
Is 561 a factor of 1619762?
False
Is 5181912 a multiple of 24?
True
Is 29 a factor of 13775?
True
Is 6579339 a multiple of 13?
True
Does 396 divide 434775?
False
Is 347598 a multiple of 58?
False
Is 763950 a multiple of 50?
True
Does 73 divide 69861?
True
Is 49088 a multiple of 6?
False
Is 51101 a multiple of 18?
False
Is 25 a factor of 295875?
True
Is 13 a factor of 10935736?
False
Is 55 a factor of 74690?
True
Is 13 a factor of 919685?
True
Is 4520202 a multiple of 185?
False
Is 287 a factor of 33005?
True
Does 203 divide 241976?
True
Is 586245 a multiple of 605?
True
Does 45 divide 28772190?
True
Does 70 divide 380677?
False
Does 2 divide 218458?
True
Is 161 a factor of 151732?
False
Is 1108094 a multiple of 23?
True
Is 179 a factor of 12849873?
True
Does 433 divide 151983?
True
Is 1812 a factor of 12307104?
True
Is 131994 even?
True
Is 363 a fac